f 295849662.
2, 3, 257, 191861
List the prime factors of 522454182.
2, 3, 87075697
List the prime factors of 12860036.
2, 7, 19, 23, 1051
List the prime factors of 130836572.
2, 4993, 6551
List the prime factors of 117944574.
2, 3, 11, 1787039
What are the prime factors of 4856756342?
2, 8209, 295819
List the prime factors of 2014023736.
2, 251752967
List the prime factors of 1799876030.
2, 5, 479, 375757
List the prime factors of 54663793.
43, 1271251
What are the prime factors of 81119764?
2, 11, 1843631
What are the prime factors of 3120628573?
1697, 1838909
What are the prime factors of 195709585?
5, 39141917
What are the prime factors of 274394079?
3, 73, 149, 2803
What are the prime factors of 21638582?
2, 7, 29, 223, 239
What are the prime factors of 425555759?
37, 797, 14431
List the prime factors of 6458222.
2, 3229111
What are the prime factors of 3964774548?
2, 3, 7, 4349, 10853
List the prime factors of 3825340253.
7, 683, 800113
List the prime factors of 595486612.
2, 7, 3038197
What are the prime factors of 2098473474?
2, 3, 349745579
What are the prime factors of 112039309?
10531, 10639
What are the prime factors of 540846245?
5, 17, 79, 239, 337
List the prime factors of 2079997105.
5, 6359, 65419
What are the prime factors of 56557536?
2, 3, 7, 84163
What are the prime factors of 411798710?
2, 5, 137, 300583
List the prime factors of 18915810.
2, 3, 5, 337, 1871
What are the prime factors of 2296824535?
5, 919, 499853
What are the prime factors of 839330799?
3, 279776933
List the prime factors of 2124950883.
3, 11, 157, 410143
What are the prime factors of 1272696269?
13, 97899713
List the prime factors of 346462708.
2, 23, 311, 12109
What are the prime factors of 27831433?
7, 61, 65179
List the prime factors of 175123341.
3, 17, 41, 27917
List the prime factors of 141877005.
3, 5, 59, 160313
What are the prime factors of 3531636520?
2, 5, 88290913
What are the prime factors of 1514720243?
1514720243
What are the prime factors of 52691492?
2, 7, 29, 64891
List the prime factors of 569911901.
13, 151, 290327
What are the prime factors of 69512636?
2, 1033, 16823
What are the prime factors of 136068251?
11, 1124531
What are the prime factors of 2495930765?
5, 83, 97, 62003
What are the prime factors of 46309056?
2, 3, 29, 8317
What are the prime factors of 45939930?
2, 3, 5, 1531331
What are the prime factors of 5631752396?
2, 25409, 55411
What are the prime factors of 6158772217?
13, 113, 4192493
What are the prime factors of 182295913?
17, 641, 16729
What are the prime factors of 147153605?
5, 83, 354587
What are the prime factors of 257057514?
2, 3, 7, 1361, 1499
List the prime factors of 1706451611.
29, 41, 641, 2239
List the prime factors of 704582863.
181, 389, 10007
List the prime factors of 51443932.
2, 3079, 4177
What are the prime factors of 922135363?
922135363
What are the prime factors of 16268326?
2, 8134163
List the prime factors of 839407005.
3, 5, 18653489
What are the prime factors of 488631236?
2, 122157809
What are the prime factors of 18829107?
3, 11, 89, 2137
What are the prime factors of 10091376?
2, 3, 70079
What are the prime factors of 400756281?
3, 1153, 115859
What are the prime factors of 1661264226?
2, 3, 92292457
List the prime factors of 38535273.
3, 7, 611671
List the prime factors of 256722301.
11, 53, 440347
What are the prime factors of 61814468?
2, 67, 263, 877
What are the prime factors of 6479419540?
2, 5, 11, 29, 461, 2203
List the prime factors of 145158295.
5, 29031659
List the prime factors of 56768382.
2, 3, 11, 409, 701
List the prime factors of 2533687076.
2, 633421769
What are the prime factors of 855552698?
2, 7, 11, 13, 71, 463
List the prime factors of 81877830.
2, 3, 5, 2729261
List the prime factors of 1133782133.
11, 467, 220709
List the prime factors of 67978759.
3739, 18181
What are the prime factors of 105370484?
2, 26342621
What are the prime factors of 1002097382?
2, 11, 13, 31, 113027
List the prime factors of 6867480622.
2, 23, 2437, 61261
List the prime factors of 275242345.
5, 7, 7864067
What are the prime factors of 1109189869?
1109189869
What are the prime factors of 388527175?
5, 1979, 7853
List the prime factors of 51169766.
2, 25584883
What are the prime factors of 1618915721?
1618915721
What are the prime factors of 93264471?
3, 23, 53, 8501
List the prime factors of 1931662426.
2, 43, 22461191
What are the prime factors of 25375122?
2, 3, 331, 4259
List the prime factors of 294145851.
3, 269, 389, 937
List the prime factors of 341478979.
341478979
What are the prime factors of 48247560?
2, 3, 5, 23, 5827
List the prime factors of 385830312.
2, 3, 7, 79, 4153
What are the prime factors of 4617361?
7, 19, 149, 233
What are the prime factors of 3187643532?
2, 3, 751, 353711
List the prime factors of 2381900435.
5, 1847, 257921
What are the prime factors of 7396705059?
3, 31, 79534463
What are the prime factors of 3375625227?
3, 13, 86554493
List the prime factors of 158713310.
2, 5, 7, 149, 15217
List the prime factors of 135370000.
2, 5, 13537
List the prime factors of 16640387.
16640387
What are the prime factors of 108797388?
2, 3, 7, 1295207
What are the prime factors of 298474717?
7039, 42403
List the prime factors of 731038814.
2, 11, 33229037
List the prime factors of 83456219.
7, 11, 1083847
What are the prime factors of 782977999?
257, 3046607
List the prime factors of 2278794254.
2, 11, 53, 1954369
What are the prime factors of 95035825?
5, 113, 33641
What are the prime factors of 1554676090?
2, 5, 11, 14133419
What are the prime factors of 11559633?
3, 3853211
What are the prime factors of 139729645?
5, 11, 2540539
What are the prime factors of 118299616?
2, 3696863
List the prime factors of 26766388.
2, 11, 23, 26449
What are the prime factors of 373984341?
3, 31, 79, 109, 467
List the prime factors of 417009697.
13, 661, 3733
What are the prime factors of 198028640?
2, 5, 19, 65141
What are the prime factors of 44079492?
2, 3, 113, 32507
What are the prime factors of 320730382?
2, 7, 66791
List the prime factors of 3766183.
1481, 2543
What are the prime factors of 250880856?
2, 3, 29, 360461
List the prime factors of 354234230.
2, 5, 7, 59, 12253
What are the prime factors of 926721497?
13, 23, 3099403
List the prime factors of 8233387368.
2, 3, 17, 181, 111491
What are the prime factors of 240308889?
3, 17, 131, 35969
What are the prime factors of 14636868?
2, 3, 1219739
List the prime factors of 446079043.
23, 19394741
What are the prime factors of 1755466874?
2, 7, 1423, 88117
List the prime factors of 61243122.
2, 3, 139, 73433
What are the prime factors of 76124837?
109, 698393
What are the prime factors of 394482332?
2, 19, 67, 77471
What are the prime factors of 612421749?
3, 22682287
List the prime factors of 20571367.
53, 487, 797
What are the prime factors of 437118839?
4951, 88289
List the prime factors of 86603241.
3, 157, 183871
What are the prime factors of 491012656?
2, 281, 109211
List the prime factors of 939844692.
2, 3, 26106797
What are the prime factors of 1152934772?
2, 11, 26203063
List the prime factors of 968997036.
2, 3, 7, 19, 73, 8317
List the prime factors of 172125090.
2, 3, 5, 139, 13759
What are the prime factors of 178935676?
2, 17, 23, 191, 599
What are the prime factors of 32126125?
5, 157, 1637
What are the prime factors of 1097912405?
5, 71, 3092711
What are the prime factors of 6371228466?
2, 3, 19, 151, 123373
What are the prime factors of 75071959?
67, 73, 15349
List the prime factors of 66451489.
13, 823, 6211
List the prime factors of 103531670.
2, 5, 11, 127, 7411
What are the prime factors of 81216037?
7, 29, 59, 6781
What are the prime factors of 18727597?
7, 19, 7411
What are the prime factors of 29221404?
2, 3, 47, 197, 263
What are the prime factors of 144760867?
19, 967, 7879
List the prime factors of 21122603.
21122603
List the prime factors of 60934708.
2, 37, 411721
List the prime factors of 15361312.
2, 277, 1733
List the prime factors of 55870304.
2, 7, 249421
List the prime factors of 751169074.
2, 461, 814717
What are the prime factors of 33720430?
2, 5, 67, 50329
What are the prime factors of 4059901080?
2, 3, 5, 11277503
What are the prime factors of 355352013?
3, 1123, 35159
What are the 